o(b) = b**3 + 6*b**2 + 7*b + 4. Suppose -15*k - 78 = -2*k. Determine o(k).
-38
Let b(k) = 0*k**2 - 19*k - 5*k**3 - 3*k**2 + 18*k. Let y be b(-2). Suppose -4*j - 3 - 12 = -s, 5*s - 5*j = y. Let l(w) = w - 6. Calculate l(s).
-3
Let y(s) be the first derivative of s**4/4 + 19*s**3/3 + 3*s**2/2 + 52*s - 12. Let t be y(-19). Let o(b) = b + 2. What is o(t)?
-3
Let p be (9 + -1 - 3)/(-1). Let t(g) = 6*g - 3*g + 0*g**2 - g**2 - 6*g. Let m(v) = v**2 + 4*v + 1. Let k(x) = 3*m(x) + 2*t(x). What is k(p)?
-2
Let m(u) = u + 4*u**3 + 1 + 0*u - u**3 - u**2. Let y be (-156)/(-104)*(-4)/6. What is m(y)?
-4
Let s(z) be the first derivative of -1 + 1/2*z**2 + 8*z. Determine s(0).
8
Let r(o) = 4*o**3 - o**2 - 2*o + 3. Suppose 88 = 8*m + 72. Determine r(m).
27
Let z = -26 - -25. Suppose b - 16 = -2. Let a(s) = -1 - b*s + 2*s**2 + 13*s + s**2. What is a(z)?
3
Suppose o - 3 = m, 2*m - 3*o + 11 = 2. Let c(q) = -q**2 + q. Determine c(m).
0
Let r(k) = -k**3 + 9*k**2 + 13*k - 13. Suppose -4*y + 8 = 0, -5*y - 4 = 5*u - 64. Give r(u).
17
Suppose -3*c - 2*j = -16, 7*c - 4*c - 3*j = -9. Let f(y) = 2*y + 2*y + 0*y - c*y - 7. Calculate f(7).
7
Let y(m) = -m**3 + 4*m**2 + 3*m - 3. Let b(j) = -17*j + 378. Let f be b(22). Determine y(f).
9
Suppose 0 = -k + 5*a + 26, 2*k + 5*a + 24 = k. Let z(b) be the first derivative of -6*b**2 + b + 841. Give z(k).
-11
Let n(u) = 3*u**2 - 34*u - 32. Let y(d) = d**2 - 12*d - 11. Let m(q) = -6*n(q) + 17*y(q). Let k be 1/2 - 63/(-18). Calculate m(k).
-11
Let z(i) = -i**3 - 2*i**2 - 2. Suppose 8*c = -9*c - 153. Let d be (-3 + (-21)/c)*3. Give z(d).
-2
Let v(g) = -14*g**3 + g**2 - 6*g + 2. Suppose -t - 7 = y, -2*t - 12 = -3*y + 7*y. Let s(f) = 5*f**3 + 2*f - 1. Let a(r) = t*s(r) - 3*v(r). What is a(2)?
10
Let i = 357 - 346. Let o(w) = w**2 - 9*w - 15. Determine o(i).
7
Let g(h) = h**3 + 4*h**2 + 4. Suppose -p - 4*o = 18, 17 = -2*p + 3*p - 3*o. Suppose 5*n - p*k = -16, 5*n - 2*k = -k - 18. Calculate g(n).
4
Let s be ((-8)/(-25 + 9))/((-2)/16). Let t(k) = -k**2 + 5*k - 4. Let a be t(3). Let m = a + s. Let g(x) = -x**3 - 3*x - 2. Determine g(m).
12
Let t = 25 - 9. Suppose -5*n - 2*k = k - 50, 3*n - k = t. Let l(q) = q**3 - 8*q**2 + 10*q - 10. What is l(n)?
11
Let c(o) be the second derivative of o**3/6 - 3*o**2/2 + 2*o. Let s = 7 + -3. Suppose s*i + 0*i = v + 1, -3*i - v - 1 = 0. Calculate c(i).
-3
Let l(w) = 16*w**3 + w**2. Let o = -38 + 12. Let b = o - -28. Suppose -4*x + 2*f + 10 = 0, 3*x + 0*f + b*f + 3 = 0. What is l(x)?
17
Let i(g) be the third derivative of -g**5/60 + g**4/6 + g**3/2 + 12*g**2 - 2*g. Calculate i(4).
3
Let c(g) be the third derivative of -7*g**5/60 - g**4/12 + g**3/3 - 35*g**2 - 3*g. Determine c(-2).
-22
Let k(h) = -5 + 4*h + 0*h - 4*h**2 - h**3 + 8. Suppose -4*n = -5 - 3. Suppose 10 - n = -2*a. Determine k(a).
-13
Let j = 192 - 187. Let m(i) = -i + 14. What is m(j)?
9
Let w(y) = -y + 14. Let j be w(11). Let v(x) = -x. Let b be v(0). Let a = j - b. Let m(f) = f**2 - 4*f + 4. Determine m(a).
1
Let i(v) be the first derivative of 1/120*v**5 + 3 + 4/3*v**3 - 1/4*v**4 + 0*v**2 + 0*v. Let r(l) be the third derivative of i(l). What is r(0)?
-6
Let t(o) = -3*o**2 + 26*o - 1. Let a(v) = -4*v**2 + 38*v - 1. Let b(x) = -5*a(x) + 7*t(x). Calculate b(-3).
13
Suppose 0*k + 25 = 3*k - 5*z, -2*k - 20 = 4*z. Suppose 2*s - 3*s + 17 = k. Let f(h) = h**2 + 19*h - s*h + h**2 - h**3 + 2. Determine f(-2).
14
Let l(s) = s + 11. Let r be (4 - -1) + (-20)/4. Give l(r).
11
Let c = 7 + -4. Suppose -4*b + 0*z + 23 = c*z, 2*b + 2*z = 14. Let f be -2*(-1 + b/(-4)). Let u(r) = -r**3 + 3*r**2 + 2*r - 2. What is u(f)?
4
Suppose 3*s - 5 = -y - 1, 5*s - 20 = -5*y. Suppose 3*a + 9 = -0*p - 5*p, 0 = y*a - 2*p - 14. Let k(g) = -3*g**2 - 2*g. Calculate k(a).
-16
Let v(r) = 0*r**2 + 1063*r - r**3 - 4*r**2 - 2*r**2 - 1064*r. Calculate v(-5).
-20
Let z = 8 + -1. Let n(q) be the third derivative of -q**6/120 + 2*q**5/15 - q**4/3 + 5*q**3/3 - 20*q**2. Give n(z).
3
Let t(o) = -o + 1. Let a be t(4). Let q(k) be the first derivative of 0*k - 2 - 1/2*k**2. What is q(a)?
3
Let t(g) = g**3 - 541 + 539 + 7*g + 0*g - 2*g - 5*g**2. Let w be 1/((6/8)/3). Calculate t(w).
2
Let m(a) = 5*a - 2*a - 49 - 61 + 115. Give m(7).
26
Let o(v) = -v**3 + 4*v**2 - 2*v + 2. Suppose -3*w = 5*p + 10, 2*w - 20 = 5*p + 3*w. Let t be (-228)/(-60) - (-4)/p. Calculate o(t).
5
Let y be 150/(-9)*(-9)/6. Let h = y + -24. Suppose 2 = -4*z + 5*r, -3*r + h = -3*z - 2. Let g(n) = -n**2 + n + 4. Give g(z).
-8
Let v(a) = -a**2 - 1 + 5 + 0 + 3*a. Let m = -39 + 35. Let w(f) = -3*f - 9. Let b be w(m). What is v(b)?
4
Let o(v) = 117*v - 1590 + 1603 + 13*v**2 - 129*v + v**3. Give o(-14).
-15
Let l(d) be the second derivative of 32*d + 0 - 5/12*d**4 + 1/2*d**2 - 1/6*d**3. What is l(1)?
-5
Let o = 2199 + -2203. Let t(y) = y**3 + 5*y**2 + 3*y + 5. Give t(o).
9
Let r(u) = u**3 - 4*u**2 - 6*u + 8. Let j be r(5). Let x(z) = 2*z**j + 4*z - z**3 + 18*z**2 - 6 - 12*z**2 + z. Give x(-5).
-6
Let s(q) = 14*q - 21. Let f be s(2). Let b(r) = 5*r**2 - 7*r + 11. Let m(h) = 3*h**2 - 3*h + 6. Let k(y) = f*m(y) - 4*b(y). Calculate k(-6).
-8
Let d(n) = n**3 - 12*n**2 - 17*n + 51. Let h be d(13). Let p(r) = 21*r**3 + 1. Give p(h).
-20
Let o(i) = 6 - 52*i + 116*i - 63*i. Suppose 3*t + 7 = -11. What is o(t)?
0
Let i be -3*(6/(-24))/(1/4). Let k(s) = -s**3 + 3*s**2 + 2*s + 1. What is k(i)?
7
Let u(c) be the third derivative of -1/60*c**5 + 0 - 7/6*c**3 + 4*c**2 + 1/4*c**4 + 0*c. Let o(l) = -l**2 + 12*l - 21. Let s be o(3). What is u(s)?
-7
Let m(l) = -l**3 + 8*l**2 + 9*l + 7. Let r be (-17 - -16) + (0 - -10). Give m(r).
7
Let x(a) be the second derivative of -a**3/6 + 17*a**2/2 - 210*a. What is x(18)?
-1
Let g(y) = 4*y**2 - 2 - 27*y**3 + 3*y - 6*y**2 + 0*y**2 - y**2 + y**2. What is g(1)?
-28
Let s = -20 + 29. Suppose -c + 2*b = 7, 5*c + 0*b - s = -b. Let t(y) = c + 2 + y - 4 - 3. Give t(0).
-4
Let z(u) be the second derivative of -26*u - 1/2*u**3 + 0*u**2 + 0. What is z(3)?
-9
Let k(p) be the first derivative of -p**3/3 - p**2 - p - 31. Calculate k(-1).
0
Let o(a) = 3*a - 18. Let f be o(8). Let b(s) = -3*s**2 + 2*s**2 + 2 - f + 2*s + 2. Determine b(-3).
-17
Let m(v) = -2*v**2 - 4*v. Suppose 5*k - 2*y = 50, -2*k = 2*k - 5*y - 57. Suppose 5*u + 7 = -k. Give m(u).
-6
Let b(j) = j - 4. Suppose 6*o - 130 = o. Let g(w) = -w**2 + 6*w - 7. Let z be g(8). Let r = o + z. Determine b(r).
-1
Suppose 7*c = 3*c + 116. Let m be 1603/(-49) - -3*(-4)/42. Let p = c + m. Let s(d) = -d - 2. Calculate s(p).
2
Let j be ((-18)/8 - -2)*-20. Suppose 8 = 5*v + p, 5*v + 4*p + 1 = 3. Let c(b) = 7*b - 4*b**2 + 5*b**v + 8 - j. What is c(-6)?
-3
Let y be 8/(0 + 2 - 3). Let j(h) be the first derivative of h**4/4 + 8*h**3/3 + h**2/2 + 8*h + 9. What is j(y)?
0
Let p be 5/(65/26)*-8. Let t(l) = l**2 + 16*l + 5. What is t(p)?
5
Let c(v) = v + 6. Let o(a) = 4*a**2 - a - 3. Let n(q) = 4*q**2 - q - 4. Suppose 6*m - 4 + 22 = 0. Let h(y) = m*o(y) + 2*n(y). Let i be h(-1). What is c(i)?
2
Suppose 2*c + 5*w = -4, -w + 0*w - 12 = 2*c. Let j(a) = -a + 4. What is j(c)?
11
Let i(j) = j. Let d(o) = 4*o - 1. Let c(m) = -d(m) + i(m). Let w be 14/(-1) + 4 + 15. What is c(w)?
-14
Let c(s) = -s + 2. Suppose -3*p - 5*j = 43, 0 = -2*p - j - 2*j - 27. Let u(o) = 3*o - 4. Let z be u(4). Let k be (27/(-6))/(p/z). Determine c(k).
-4
Let d(v) = 4*v**2 - 8*v - 4. Let q(f) = f**2 - f - 1. Let b(r) = -d(r) + 5*q(r). Let p = 175 - 178. What is b(p)?
-1
Let u(b) be the second derivative of -b + 9 - 1/6*b**3 - 7*b**2. What is u(-7)?
-7
Let l(x) = 1. Let i(h) = h - 4. Let n(u) = 2*u - 9. Let a(s) = -10*i(s) + 4*n(s). Let c(y) = a(y) - 5*l(y). Let o(p) = 5*p - 18. Let d be o(4). Determine c(d).
-5
Let f(p) = 13*p + 1. Let x(n) = 3*n. Let k(o) = -4*f(o) + 18*x(o). What is k(7)?
10
Let o(q) = 2 + 0 - 4*q + 71*q**2 + 17*q - 15 - 70*q**2. Give o(-10).
-43
Let p = -4 - -6. Suppose p*t - 5 = t. Let x(v) = 2*v - 2*v + t*v - 3*v. Calculate x(1).
2
Let i(n) = -2*n**2 - n - 1. Let b be 16*10/15*18/8. Suppose 2 = -25*o + b*o. What is i(o)?
-7
Let g(k) = -1 + 4*k**3 + 0 + k**3 + 2*k. Let w(n) = n + 12. Let v be w(-9). Suppose 4*d = 4*m - 4, 3 + 4 = d + v*m. Calculate g(d).
6
Let g(v) = v**3 + v**2 + v + 2. Let z be g(0). Suppose -12*o - 32 = -28*o. Let j(w) = 5 - 5 + 1 - o*w. Calculate j(z).
-3
Let m(t) = -t**2 + 1